{"id":52,"date":"2017-03-17T07:34:23","date_gmt":"2017-03-17T07:34:23","guid":{"rendered":"http:\/\/ae.polj.uns.ac.rs\/?page_id=52"},"modified":"2023-12-15T07:00:02","modified_gmt":"2023-12-15T07:00:02","slug":"nastava","status":"publish","type":"page","link":"http:\/\/ae.polj.uns.ac.rs\/index.php\/nastava\/","title":{"rendered":"Nastava"},"content":{"rendered":"<p>\u010clanovi Katedre za ekonomiku poljoprivrede zadu\u017eeni su za izvo\u0111enje nastavnih aktivnosti na gotovo svim studijskim programima Poljoprivrednog fakulteta u Novom Sadu. U okviru Katedre za ekonomiku poljoprivrede realizuje se nekoliko studijskih programa na svim nivoima studija.<\/p>\n<h4><strong>Osnovne akademske studije:\u00a0<\/strong><\/h4>\n<ul>\n<li><a href=\"http:\/\/ae.polj.uns.ac.rs\/wp-content\/uploads\/2017\/03\/Agroekonomija.pdf\">Agroekonomija<\/a>\u00a0po akreditaciji 2021 &#8211; nastavni program<\/li>\n<li><a href=\"http:\/\/ae.polj.uns.ac.rs\/wp-content\/uploads\/2017\/03\/Programi-OAS-Agroekonomija.pdf\">Agroekonomija<\/a>\u00a0po akreditaciji 2021 &#8211; specifikacija predmeta<\/li>\n<li><a href=\"http:\/\/ae.polj.uns.ac.rs\/index.php\/akreditovani-program-osnovnih-akademskih-studija-agroekonomski\/\">Agroekonomski<\/a>\u00a0po akreditaciji 2014<\/li>\n<li><a href=\"http:\/\/ae.polj.uns.ac.rs\/index.php\/akreditovani-studijski-program-osnovnih-akademskih-studija-agroturizam-i-ruralni-razvoj\/\">Agroturizam i ruralni razvoj<\/a>\u00a0po akreditaciji 2014<\/li>\n<\/ul>\n<p><a href=\"http:\/\/ae.polj.uns.ac.rs\/wp-content\/uploads\/2017\/03\/za-sve-osnovne-i-veterinarsku-medicinu-izborni-predmeti.docx\">Obrazac za izborne predmete &#8211; Osnovne studije i veterinarska medicina<\/a><\/p>\n<h4><strong>Master akademske studije:<\/strong><\/h4>\n<ul>\n<li><a href=\"http:\/\/polj.uns.ac.rs\/sites\/default\/files\/upload\/Tabela%205.3%20-%20Izborna%20nastava_1.pdf\">Agroekonomski po akreditaciji 2021 &#8211; izborna nastava (lista predmeta po izbornim blokovima)<\/a><\/li>\n<li><a href=\"http:\/\/polj.uns.ac.rs\/sites\/default\/files\/upload\/Tabela%205.2%D0%B0%20-%20knjiga%20predmeta_0.pdf\">Agroekonomski po akreditaciji 2021 &#8211; knjiga predmeta<\/a><\/li>\n<li><a href=\"http:\/\/polj.uns.ac.rs\/sites\/default\/files\/upload\/Tabela%205.2%20-%20specifikacija%20predmeta_0.pdf\">Agroekonomski po akreditaciji 2021 &#8211; specifikacija predmeta<\/a><\/li>\n<li><a href=\"http:\/\/ae.polj.uns.ac.rs\/index.php\/247-2\/\">Agroekonomski<\/a>\u00a0po akreditaciji 2014<\/li>\n<\/ul>\n<p><a href=\"http:\/\/ae.polj.uns.ac.rs\/wp-content\/uploads\/2017\/03\/Obrazac-za-izborne-predmeteMaster.docx\">Obrazac za izborne predmete &#8211; Master studije<\/a><\/p>\n<h4><strong>Doktorske studije<\/strong>:<\/h4>\n<ul>\n<li><a href=\"http:\/\/polj.uns.ac.rs\/sites\/default\/files\/upload\/DAS%20Agroekonomija%202021.pdf\">Agroekonomija<\/a> po akreditaciji 2021 &#8211; nastavni program<\/li>\n<li><a href=\"http:\/\/ae.polj.uns.ac.rs\/wp-content\/uploads\/2017\/03\/Programi-DAS-Agroekonomija.pdf\">Agroekonomija<\/a>\u00a0po akreditaciji 2021 &#8211; specifikacija predmeta<\/li>\n<li><a href=\"http:\/\/ae.polj.uns.ac.rs\/index.php\/doktorske-studije-agroekonomija\/\">Agroekonomija<\/a>\u00a0akreditacija 2014<\/li>\n<\/ul>\n<p><a href=\"http:\/\/ae.polj.uns.ac.rs\/wp-content\/uploads\/2017\/03\/Obrazac-za-izborne-predmete-Doktorske-studije1.docx\">Obrazac za izborne predmete &#8211; Doktorske studije<\/a><\/p>\n<p>&nbsp;<\/p>\n<h5><strong><a href=\"http:\/\/ae.polj.uns.ac.rs\/index.php\/mentori-godina\/\">MENTORI GENERACIJA<\/a><\/strong><\/h5>\n<h5><a href=\"http:\/\/ae.polj.uns.ac.rs\/index.php\/234-2\/\"><strong>RUKOVODIOCI STUDIJSKIH PROGRAMA<\/strong><\/a><\/h5>\n<h5 style=\"text-align: left;\"><a href=\"http:\/\/ae.polj.uns.ac.rs\/index.php\/konsultacije-2\/\"><strong>KONSULTACIJE<\/strong><\/a><\/h5>\n<h5><a href=\"http:\/\/ae.polj.uns.ac.rs\/index.php\/akreditacija-2014-godine\/\"><strong>AKREDITACIJA<\/strong><\/a><\/h5>\n<p>&nbsp;<\/p>\n<p><a href=\"https:\/\/agrigenuns.wordpress.com\/\"><img loading=\"lazy\" decoding=\"async\" class=\"alignnone wp-image-9795\" src=\"http:\/\/ae.polj.uns.ac.rs\/wp-content\/uploads\/2017\/03\/logo-za-sajt-veliki-okrugli-300x300.png\" alt=\"\" width=\"135\" height=\"135\" srcset=\"http:\/\/ae.polj.uns.ac.rs\/wp-content\/uploads\/2017\/03\/logo-za-sajt-veliki-okrugli-300x300.png 300w, http:\/\/ae.polj.uns.ac.rs\/wp-content\/uploads\/2017\/03\/logo-za-sajt-veliki-okrugli-150x150.png 150w, http:\/\/ae.polj.uns.ac.rs\/wp-content\/uploads\/2017\/03\/logo-za-sajt-veliki-okrugli.png 313w\" sizes=\"auto, (max-width: 135px) 100vw, 135px\" \/><\/a><\/p>\n","protected":false},"excerpt":{"rendered":"<p>\u010clanovi Katedre za ekonomiku poljoprivrede zadu\u017eeni su za izvo\u0111enje nastavnih aktivnosti na gotovo svim studijskim programima Poljoprivrednog fakulteta u Novom Sadu. U okviru Katedre za ekonomiku poljoprivrede realizuje se nekoliko studijskih programa na svim nivoima studija. Osnovne akademske studije:\u00a0 Agroekonomija\u00a0po akreditaciji 2021 &#8211; nastavni program Agroekonomija\u00a0po akreditaciji 2021 &#8211; specifikacija predmeta Agroekonomski\u00a0po akreditaciji 2014 Agroturizam i ruralni razvoj\u00a0po akreditaciji 2014 Obrazac za izborne predmete &#8211; Osnovne studije i veterinarska medicina Master akademske studije: Agroekonomski po akreditaciji 2021 &#8211; izborna nastava&hellip;<\/p>\n","protected":false},"author":1,"featured_media":0,"parent":0,"menu_order":0,"comment_status":"closed","ping_status":"closed","template":"","meta":{"footnotes":""},"class_list":["post-52","page","type-page","status-publish","hentry"],"_links":{"self":[{"href":"http:\/\/ae.polj.uns.ac.rs\/index.php\/wp-json\/wp\/v2\/pages\/52","targetHints":{"allow":["GET"]}}],"collection":[{"href":"http:\/\/ae.polj.uns.ac.rs\/index.php\/wp-json\/wp\/v2\/pages"}],"about":[{"href":"http:\/\/ae.polj.uns.ac.rs\/index.php\/wp-json\/wp\/v2\/types\/page"}],"author":[{"embeddable":true,"href":"http:\/\/ae.polj.uns.ac.rs\/index.php\/wp-json\/wp\/v2\/users\/1"}],"replies":[{"embeddable":true,"href":"http:\/\/ae.polj.uns.ac.rs\/index.php\/wp-json\/wp\/v2\/comments?post=52"}],"version-history":[{"count":56,"href":"http:\/\/ae.polj.uns.ac.rs\/index.php\/wp-json\/wp\/v2\/pages\/52\/revisions"}],"predecessor-version":[{"id":10573,"href":"http:\/\/ae.polj.uns.ac.rs\/index.php\/wp-json\/wp\/v2\/pages\/52\/revisions\/10573"}],"wp:attachment":[{"href":"http:\/\/ae.polj.uns.ac.rs\/index.php\/wp-json\/wp\/v2\/media?parent=52"}],"curies":[{"name":"wp","href":"https:\/\/api.w.org\/{rel}","templated":true}]}}