{"id":492,"date":"2017-09-12T11:04:28","date_gmt":"2017-09-12T11:04:28","guid":{"rendered":"http:\/\/ae.polj.uns.ac.rs\/?page_id=492"},"modified":"2025-11-12T15:12:48","modified_gmt":"2025-11-12T15:12:48","slug":"obavestenja","status":"publish","type":"page","link":"http:\/\/ae.polj.uns.ac.rs\/index.php\/obavestenja\/","title":{"rendered":"OBAVE\u0160TENJA"},"content":{"rendered":"<h5><a href=\"http:\/\/ae.polj.uns.ac.rs\/wp-content\/uploads\/2025\/11\/Agroekonomija_2025-26_Grupe.pdf\">Spisak studenata po grupama Agroekonomija 2025\/26<\/a><\/h5>\n<h5><a href=\"http:\/\/ae.polj.uns.ac.rs\/wp-content\/uploads\/2024\/10\/Spisak-studenata-smera-AE-po-grupama-I-godina.pdf\">Spisak studenata smera AE po grupama I godina<\/a><\/h5>\n<h5><a href=\"http:\/\/ae.polj.uns.ac.rs\/wp-content\/uploads\/2017\/11\/Odr\u017ean-intervju-za-zapo\u0161ljavanje-na-Departmanu-AE-Agro-Solutions-Group.pdf\">Odr\u017ean intervju za zapo\u0161ljavanje na Departmanu AE &#8211; Agro Solutions Group<\/a><\/h5>\n<h5><a href=\"http:\/\/ae.polj.uns.ac.rs\/wp-content\/uploads\/2017\/11\/Konkurs-za-zapo\u0161ljavanje-Agro-Solutions-Group-DOO.pdf\">Konkurs za zapo\u0161ljavanje Agro Solutions Group DOO<\/a><\/h5>\n<h5><a href=\"http:\/\/ae.polj.uns.ac.rs\/wp-content\/uploads\/2017\/11\/Poziv-na-Okrugli-sto-Departmana-AE-petak-24.-novembar-2023..pdf\">Poziv na Okrugli sto Departmana AE &#8211; petak 24. novembar 2023.<\/a><\/h5>\n<h5><a href=\"http:\/\/ae.polj.uns.ac.rs\/wp-content\/uploads\/2017\/09\/Obave\u0161tenje-razgovori-za-posao-sa-AgroSolutions-Group.pdf\">Obave\u0161tenje- razgovori za posao sa AgroSolutions Group<\/a><\/h5>\n<h5><a href=\"http:\/\/ae.polj.uns.ac.rs\/wp-content\/uploads\/2017\/09\/Konkurs-za-zapo\u0161ljavanje-Agro-Solutions-Doo.pdf\">Konkurs za zapo\u0161ljavanje Agro Solutions Doo<\/a><\/h5>\n<h5><a href=\"http:\/\/ae.polj.uns.ac.rs\/wp-content\/uploads\/2017\/11\/Poziv-na-proslavu-jubileja-Departmana-AE.pdf\">Poziv na proslavu jubileja Departmana AE 2022<\/a><\/h5>\n<h5><a href=\"http:\/\/ae.polj.uns.ac.rs\/wp-content\/uploads\/2017\/09\/Obave\u0161tenje-za-studente-Elixir-Agrar.pdf\">Obave\u0161tenje za studente &#8211; Elixir Agrar<\/a><\/h5>\n<h5><a href=\"http:\/\/ae.polj.uns.ac.rs\/wp-content\/uploads\/2017\/09\/KONKURS-ZA-ZAPO\u0160LJAVANJE-ELIXIR-AGRAR.pdf\">KONKURS ZA ZAPO\u0160LJAVANJE &#8211; ELIXIR AGRAR<\/a><\/h5>\n<h5><a href=\"http:\/\/ae.polj.uns.ac.rs\/wp-content\/uploads\/2017\/09\/KONKURS-ZA-ZAPO\u0160LJAVANJE-ULJARICE-BA\u010cKA.pdf\">KONKURS ZA ZAPO\u0160LJAVANJE &#8211; ULJARICE BA\u010cKA<\/a><\/h5>\n<h5><a href=\"http:\/\/ae.polj.uns.ac.rs\/wp-content\/uploads\/2017\/09\/Poziv-na-predavanje-prof.-dr-Tihane-Sudari\u0107.pdf\">Poziv na predavanje prof. dr Tihane Sudari\u0107<\/a><\/h5>\n<h5><a href=\"http:\/\/ae.polj.uns.ac.rs\/wp-content\/uploads\/2017\/09\/sistematski-obavestenje-3-god-1.pdf\">Obave\u0161tenje za studente tre\u0107e godine &#8211; Obavezan sistematski pregled<\/a><\/h5>\n<h5><a href=\"http:\/\/polj.uns.ac.rs\/sites\/default\/files\/upload\/Hitno-Studenti%20koji%20nisu%20iz%20Srbije.pdf\">VA\u017dNO OBAVE\u0160TENJE ZA STUDENTE KOJI NEMAJU MESTO PREBIVALI\u0160TA U SRBIJI<\/a><\/h5>\n<h5><a href=\"http:\/\/polj.uns.ac.rs\/sr\/node\/2044\">OBAVE\u0160TENJE USLED PROGLA\u0160ENJA VANREDNOG STANJA<\/a><\/h5>\n<h5><a href=\"http:\/\/ae.polj.uns.ac.rs\/wp-content\/uploads\/2017\/09\/Konkurs-za-zapo\u0161ljavanje-studenata-Poljoprivrednog-fakulteta.pdf\">Konkurs za zapo\u0161ljavanje &#8211; OPPORTUNITY BANK<\/a><\/h5>\n<h5><a href=\"http:\/\/polj.uns.ac.rs\/sites\/default\/files\/upload\/MOS_Dopis.pdf\">Konkurs Fonda za mlade talente Republike Srbije<\/a><\/h5>\n<h5><a href=\"http:\/\/ae.polj.uns.ac.rs\/wp-content\/uploads\/2017\/09\/Agro-Business-Competition.pdf\">Agro Business Competition<\/a><\/h5>\n<h5><a href=\"http:\/\/www.fon.bg.ac.rs\/downloads\/2019\/10\/SAP-ACADEMY-conditions.pdf\">SAP OBUKA &#8211; POZIV STUDENTIMA ZA U\u010cE\u0160\u0106E<\/a><\/h5>\n<h5><a href=\"http:\/\/ae.polj.uns.ac.rs\/wp-content\/uploads\/2017\/09\/BoS_PR-Poster.pdf\">Best of South-East Scholarship &#8211; Call open for academic year 2020\/2021<\/a><\/h5>\n<h5><a href=\"http:\/\/polj.uns.ac.rs\/sr\/node\/1817\">43. SMOTRA STUDENATA<\/a><\/h5>\n<h5 class=\"field-content\"><a href=\"https:\/\/rs.usembassy.gov\/fulbright-graduate-study-program-2020-2021-competition\/\">Konkurs za Fulbrajtov program stipendiranja<\/a><\/h5>\n<h5 class=\"field-content\"><a href=\"http:\/\/ae.polj.uns.ac.rs\/wp-content\/uploads\/2017\/09\/Obave\u0161tenje-o-roku-za-zavr\u0161etak-studija.pdf\">Obave\u0161tenje o roku za zavr\u0161etak studija<\/a><\/h5>\n<h5 class=\"field-content\"><\/h5>\n<h5 class=\"field-content\"><\/h5>\n","protected":false},"excerpt":{"rendered":"<p>Spisak studenata po grupama Agroekonomija 2025\/26 Spisak studenata smera AE po grupama I godina Odr\u017ean intervju za zapo\u0161ljavanje na Departmanu AE &#8211; Agro Solutions Group Konkurs za zapo\u0161ljavanje Agro Solutions Group DOO Poziv na Okrugli sto Departmana AE &#8211; petak 24. novembar 2023. Obave\u0161tenje- razgovori za posao sa AgroSolutions Group Konkurs za zapo\u0161ljavanje Agro Solutions Doo Poziv na proslavu jubileja Departmana AE 2022 Obave\u0161tenje za studente &#8211; Elixir Agrar KONKURS ZA ZAPO\u0160LJAVANJE &#8211; ELIXIR AGRAR KONKURS ZA ZAPO\u0160LJAVANJE &#8211; ULJARICE&hellip;<\/p>\n","protected":false},"author":1,"featured_media":0,"parent":0,"menu_order":0,"comment_status":"closed","ping_status":"closed","template":"","meta":{"footnotes":""},"class_list":["post-492","page","type-page","status-publish","hentry"],"_links":{"self":[{"href":"http:\/\/ae.polj.uns.ac.rs\/index.php\/wp-json\/wp\/v2\/pages\/492","targetHints":{"allow":["GET"]}}],"collection":[{"href":"http:\/\/ae.polj.uns.ac.rs\/index.php\/wp-json\/wp\/v2\/pages"}],"about":[{"href":"http:\/\/ae.polj.uns.ac.rs\/index.php\/wp-json\/wp\/v2\/types\/page"}],"author":[{"embeddable":true,"href":"http:\/\/ae.polj.uns.ac.rs\/index.php\/wp-json\/wp\/v2\/users\/1"}],"replies":[{"embeddable":true,"href":"http:\/\/ae.polj.uns.ac.rs\/index.php\/wp-json\/wp\/v2\/comments?post=492"}],"version-history":[{"count":124,"href":"http:\/\/ae.polj.uns.ac.rs\/index.php\/wp-json\/wp\/v2\/pages\/492\/revisions"}],"predecessor-version":[{"id":12632,"href":"http:\/\/ae.polj.uns.ac.rs\/index.php\/wp-json\/wp\/v2\/pages\/492\/revisions\/12632"}],"wp:attachment":[{"href":"http:\/\/ae.polj.uns.ac.rs\/index.php\/wp-json\/wp\/v2\/media?parent=492"}],"curies":[{"name":"wp","href":"https:\/\/api.w.org\/{rel}","templated":true}]}}