{"id":4339,"date":"2020-03-20T14:47:50","date_gmt":"2020-03-20T14:47:50","guid":{"rendered":"http:\/\/ae.polj.uns.ac.rs\/?page_id=4339"},"modified":"2020-04-05T11:26:45","modified_gmt":"2020-04-05T11:26:45","slug":"privredno-pravo","status":"publish","type":"page","link":"http:\/\/ae.polj.uns.ac.rs\/index.php\/privredno-pravo\/","title":{"rendered":"Privredno pravo"},"content":{"rendered":"<p><a href=\"http:\/\/ae.polj.uns.ac.rs\/wp-content\/uploads\/2020\/03\/PRIVREDNO-PRAVO_VA\u017dNO-OBAVE\u0160TENJE.pdf\">PRIVREDNO PRAVO_VA\u017dNO OBAVE\u0160TENJE<\/a><\/p>\n<p><a href=\"http:\/\/ae.polj.uns.ac.rs\/wp-content\/uploads\/2020\/03\/PRIVREDNO-PRAVO-ZA-AGROEKONOMISTE_INFO-2020.pdf\">PRIVREDNO PRAVO ZA AGROEKONOMISTE_INFO 2020<\/a><\/p>\n<p><a href=\"http:\/\/ae.polj.uns.ac.rs\/wp-content\/uploads\/2020\/03\/Privredno-pravo_prof.dr-Janko-Veselinovi\u0107-ud\u017ebenik.pdf\">Privredno pravo_prof.dr Janko Veselinovi\u0107 (ud\u017ebenik)<\/a><\/p>\n<p><a href=\"http:\/\/ae.polj.uns.ac.rs\/wp-content\/uploads\/2020\/03\/Pitanja-Privredno-pravo.pdf\">Pitanja Privredno pravo<\/a><\/p>\n<p><a href=\"http:\/\/ae.polj.uns.ac.rs\/wp-content\/uploads\/2020\/03\/PRIVREDNO-PRAVO-Bankarski-poslovi.pdf\">PRIVREDNO PRAVO &#8211; Bankarski poslovi<\/a><\/p>\n<p><a href=\"http:\/\/ae.polj.uns.ac.rs\/wp-content\/uploads\/2020\/03\/PRIVREDNO-PRAVO-Ugovori.pdf\">PRIVREDNO PRAVO &#8211; Ugovori<\/a><\/p>\n<p><a href=\"http:\/\/ae.polj.uns.ac.rs\/wp-content\/uploads\/2020\/03\/PRIVREDNO-PRAVO-statusni-deo.pdf\">PRIVREDNO PRAVO statusni deo<\/a><\/p>\n","protected":false},"excerpt":{"rendered":"<p>PRIVREDNO PRAVO_VA\u017dNO OBAVE\u0160TENJE PRIVREDNO PRAVO ZA AGROEKONOMISTE_INFO 2020 Privredno pravo_prof.dr Janko Veselinovi\u0107 (ud\u017ebenik) Pitanja Privredno pravo PRIVREDNO PRAVO &#8211; Bankarski poslovi PRIVREDNO PRAVO &#8211; Ugovori PRIVREDNO PRAVO statusni deo<\/p>\n","protected":false},"author":3,"featured_media":0,"parent":0,"menu_order":0,"comment_status":"closed","ping_status":"closed","template":"","meta":{"footnotes":""},"class_list":["post-4339","page","type-page","status-publish","hentry"],"_links":{"self":[{"href":"http:\/\/ae.polj.uns.ac.rs\/index.php\/wp-json\/wp\/v2\/pages\/4339","targetHints":{"allow":["GET"]}}],"collection":[{"href":"http:\/\/ae.polj.uns.ac.rs\/index.php\/wp-json\/wp\/v2\/pages"}],"about":[{"href":"http:\/\/ae.polj.uns.ac.rs\/index.php\/wp-json\/wp\/v2\/types\/page"}],"author":[{"embeddable":true,"href":"http:\/\/ae.polj.uns.ac.rs\/index.php\/wp-json\/wp\/v2\/users\/3"}],"replies":[{"embeddable":true,"href":"http:\/\/ae.polj.uns.ac.rs\/index.php\/wp-json\/wp\/v2\/comments?post=4339"}],"version-history":[{"count":6,"href":"http:\/\/ae.polj.uns.ac.rs\/index.php\/wp-json\/wp\/v2\/pages\/4339\/revisions"}],"predecessor-version":[{"id":4806,"href":"http:\/\/ae.polj.uns.ac.rs\/index.php\/wp-json\/wp\/v2\/pages\/4339\/revisions\/4806"}],"wp:attachment":[{"href":"http:\/\/ae.polj.uns.ac.rs\/index.php\/wp-json\/wp\/v2\/media?parent=4339"}],"curies":[{"name":"wp","href":"https:\/\/api.w.org\/{rel}","templated":true}]}}