{"id":4332,"date":"2020-03-20T14:45:33","date_gmt":"2020-03-20T14:45:33","guid":{"rendered":"http:\/\/ae.polj.uns.ac.rs\/?page_id=4332"},"modified":"2020-04-06T10:56:15","modified_gmt":"2020-04-06T10:56:15","slug":"preduzetnicki-menadzment-u-agroturizmu","status":"publish","type":"page","link":"http:\/\/ae.polj.uns.ac.rs\/index.php\/preduzetnicki-menadzment-u-agroturizmu\/","title":{"rendered":"Preduzetni\u010dki menad\u017ement u agroturizmu"},"content":{"rendered":"<p><a href=\"http:\/\/ae.polj.uns.ac.rs\/wp-content\/uploads\/2020\/03\/PITANJA-ZA-TEST-I.pdf\">PITANJA ZA TEST I<\/a><\/p>\n<p><a href=\"http:\/\/ae.polj.uns.ac.rs\/wp-content\/uploads\/2020\/03\/Pitanja-TEST-II.pdf\">Pitanja TEST II<\/a><\/p>\n<p><strong>Materijal sa predavanja<\/strong><\/p>\n<p><a href=\"http:\/\/ae.polj.uns.ac.rs\/wp-content\/uploads\/2020\/03\/Menadzment-1.pdf\">Menadzment<\/a><\/p>\n<p><a href=\"http:\/\/ae.polj.uns.ac.rs\/wp-content\/uploads\/2020\/03\/Menadzment-agroturizma-1.pdf\">Menadzment agroturizma<\/a><\/p>\n<p><a href=\"http:\/\/ae.polj.uns.ac.rs\/wp-content\/uploads\/2020\/03\/GlobalGap.pdf\">GlobalGap<\/a><\/p>\n<p><a href=\"http:\/\/ae.polj.uns.ac.rs\/wp-content\/uploads\/2020\/03\/HACCP-sistem-kontrole-kvaliteta.pdf\">HACCP sistem kontrole kvaliteta<\/a><\/p>\n<p><a href=\"http:\/\/ae.polj.uns.ac.rs\/wp-content\/uploads\/2020\/03\/Klasifikacije-preduze\u0107a.pdf\">Klasifikacije preduze\u0107a<\/a><\/p>\n<p><a href=\"http:\/\/ae.polj.uns.ac.rs\/wp-content\/uploads\/2020\/03\/Pojam-standrada.pdf\">Pojam standrada<\/a><\/p>\n<p><a href=\"http:\/\/ae.polj.uns.ac.rs\/wp-content\/uploads\/2020\/03\/Poslovni-plan.pdf\">Poslovni plan<\/a><\/p>\n<p><a href=\"http:\/\/ae.polj.uns.ac.rs\/wp-content\/uploads\/2020\/03\/Preduzetnistvo-i-preduzetnik.pdf\">Preduzetnistvo i preduzetnik<\/a><\/p>\n<p><a href=\"http:\/\/ae.polj.uns.ac.rs\/wp-content\/uploads\/2020\/03\/Proces-preduzetnistva_-Preduzetnicka-struktura-.pdf\">Proces preduzetnistva_ <\/a><\/p>\n<p><a href=\"http:\/\/ae.polj.uns.ac.rs\/wp-content\/uploads\/2020\/03\/Finansiranje-preduzetni\u0161tva-1.pdf\">Finansiranje preduzetni\u0161tva<\/a><\/p>\n<p><a href=\"http:\/\/ae.polj.uns.ac.rs\/wp-content\/uploads\/2020\/03\/Proces-preduzetnistva_-Preduzetnicka-struktura-.pdf\">Preduzetnicka struktura<\/a><\/p>\n<p><a href=\"http:\/\/ae.polj.uns.ac.rs\/wp-content\/uploads\/2020\/03\/Su\u0161tina-preduzetni\u0161tva-i-preduzetnika-.pdf\">Su\u0161tina preduzetni\u0161tva i preduzetnika<\/a><\/p>\n<p><a href=\"http:\/\/ae.polj.uns.ac.rs\/wp-content\/uploads\/2020\/03\/Upravljanje-kvalitetom.pdf\">Upravljanje kvalitetom<\/a><\/p>\n","protected":false},"excerpt":{"rendered":"<p>PITANJA ZA TEST I Pitanja TEST II Materijal sa predavanja Menadzment Menadzment agroturizma GlobalGap HACCP sistem kontrole kvaliteta Klasifikacije preduze\u0107a Pojam standrada Poslovni plan Preduzetnistvo i preduzetnik Proces preduzetnistva_ Finansiranje preduzetni\u0161tva Preduzetnicka struktura Su\u0161tina preduzetni\u0161tva i preduzetnika Upravljanje kvalitetom<\/p>\n","protected":false},"author":3,"featured_media":0,"parent":0,"menu_order":0,"comment_status":"closed","ping_status":"closed","template":"","meta":{"footnotes":""},"class_list":["post-4332","page","type-page","status-publish","hentry"],"_links":{"self":[{"href":"http:\/\/ae.polj.uns.ac.rs\/index.php\/wp-json\/wp\/v2\/pages\/4332","targetHints":{"allow":["GET"]}}],"collection":[{"href":"http:\/\/ae.polj.uns.ac.rs\/index.php\/wp-json\/wp\/v2\/pages"}],"about":[{"href":"http:\/\/ae.polj.uns.ac.rs\/index.php\/wp-json\/wp\/v2\/types\/page"}],"author":[{"embeddable":true,"href":"http:\/\/ae.polj.uns.ac.rs\/index.php\/wp-json\/wp\/v2\/users\/3"}],"replies":[{"embeddable":true,"href":"http:\/\/ae.polj.uns.ac.rs\/index.php\/wp-json\/wp\/v2\/comments?post=4332"}],"version-history":[{"count":3,"href":"http:\/\/ae.polj.uns.ac.rs\/index.php\/wp-json\/wp\/v2\/pages\/4332\/revisions"}],"predecessor-version":[{"id":4847,"href":"http:\/\/ae.polj.uns.ac.rs\/index.php\/wp-json\/wp\/v2\/pages\/4332\/revisions\/4847"}],"wp:attachment":[{"href":"http:\/\/ae.polj.uns.ac.rs\/index.php\/wp-json\/wp\/v2\/media?parent=4332"}],"curies":[{"name":"wp","href":"https:\/\/api.w.org\/{rel}","templated":true}]}}