{"id":4256,"date":"2020-03-20T10:53:01","date_gmt":"2020-03-20T10:53:01","guid":{"rendered":"http:\/\/ae.polj.uns.ac.rs\/?page_id=4256"},"modified":"2020-03-24T20:23:29","modified_gmt":"2020-03-24T20:23:29","slug":"trziste","status":"publish","type":"page","link":"http:\/\/ae.polj.uns.ac.rs\/index.php\/trziste\/","title":{"rendered":"Tr\u017ei\u0161te"},"content":{"rendered":"<p><a href=\"http:\/\/ae.polj.uns.ac.rs\/wp-content\/uploads\/2020\/03\/Tr\u017ei\u0161te-Uputstvo.pdf\">Tr\u017ei\u0161te Uputstvo<\/a><\/p>\n<p><a href=\"http:\/\/ae.polj.uns.ac.rs\/wp-content\/uploads\/2020\/03\/1.POJAM-I-ZNA\u010cAJ-TR\u017dI\u0160TA.pdf\">1.POJAM I ZNA\u010cAJ TR\u017dI\u0160TA<\/a><\/p>\n<p><a href=\"http:\/\/ae.polj.uns.ac.rs\/wp-content\/uploads\/2020\/03\/2.KARAKTERISTIKE-TR\u017dI\u0160TA.pdf\">2.KARAKTERISTIKE TR\u017dI\u0160TA<\/a><\/p>\n<p><a href=\"http:\/\/ae.polj.uns.ac.rs\/wp-content\/uploads\/2020\/03\/3.SEGMENTACIJA-TR\u017dI\u0160TA.pdf\">3.SEGMENTACIJA TR\u017dI\u0160TA<\/a><\/p>\n<p><a href=\"http:\/\/ae.polj.uns.ac.rs\/wp-content\/uploads\/2020\/03\/4.PONUDA.pdf\">4.PONUDA<\/a><\/p>\n<p><a href=\"http:\/\/ae.polj.uns.ac.rs\/wp-content\/uploads\/2020\/03\/5.TRA\u017dNJA.pdf\">5.TRA\u017dNJA<\/a><\/p>\n<p><a href=\"http:\/\/ae.polj.uns.ac.rs\/wp-content\/uploads\/2020\/03\/6.POTRO\u0160A\u010c-\u010cINILAC-TRA\u017dNJE.pdf\">6.POTRO\u0160A\u010c-\u010cINILAC TRA\u017dNJE<\/a><\/p>\n<p><a href=\"http:\/\/ae.polj.uns.ac.rs\/wp-content\/uploads\/2020\/03\/7.DOHODAK-\u010cINILAC-TRA\u017dNJE.pdf\">7.DOHODAK-\u010cINILAC TRA\u017dNJE<\/a><\/p>\n<p><a href=\"http:\/\/ae.polj.uns.ac.rs\/wp-content\/uploads\/2020\/03\/8.CENA-\u010cINILAC-TRA\u017dNJE.pdf\">8.CENA &#8211; \u010cINILAC TRA\u017dNJE<\/a><\/p>\n<p><a href=\"http:\/\/ae.polj.uns.ac.rs\/wp-content\/uploads\/2020\/03\/9.UKR\u0160TENA-ELASTI\u010cNOST-TRA\u017dNJE.pdf\">9.UKR\u0160TENA ELASTI\u010cNOST TRA\u017dNJE<\/a><\/p>\n<p><a href=\"http:\/\/ae.polj.uns.ac.rs\/wp-content\/uploads\/2020\/03\/10.OSTALI-\u010cINIOCI-TRA\u017dNJE.pdf\">10.OSTALI \u010cINIOCI TRA\u017dNJE<\/a><\/p>\n<p><a href=\"http:\/\/ae.polj.uns.ac.rs\/wp-content\/uploads\/2020\/03\/11.CENE_.pdf\">11.CENE<\/a><\/p>\n<p><a href=\"http:\/\/ae.polj.uns.ac.rs\/wp-content\/uploads\/2020\/03\/12.PROMET.pdf\">12.PROMET<\/a><\/p>\n<p><a href=\"http:\/\/ae.polj.uns.ac.rs\/wp-content\/uploads\/2020\/03\/13.TRGOVINA-NA-MALO.pdf\">13.TRGOVINA NA MALO<\/a><\/p>\n<p><a href=\"http:\/\/ae.polj.uns.ac.rs\/wp-content\/uploads\/2020\/03\/14.TR\u017dI\u0160NE-USTANOVE-U-PROMETU.pdf\">14.TR\u017dI\u0160NE USTANOVE U PROMETU<\/a><\/p>\n<p><a href=\"http:\/\/ae.polj.uns.ac.rs\/wp-content\/uploads\/2020\/03\/Tr\u017ei\u0161te-agroindustrijskih-proizvoda-specijalni-deo.pdf\">Tr\u017ei\u0161te agroindustrijskih proizvoda specijalni deo<\/a><\/p>\n","protected":false},"excerpt":{"rendered":"<p>Tr\u017ei\u0161te Uputstvo 1.POJAM I ZNA\u010cAJ TR\u017dI\u0160TA 2.KARAKTERISTIKE TR\u017dI\u0160TA 3.SEGMENTACIJA TR\u017dI\u0160TA 4.PONUDA 5.TRA\u017dNJA 6.POTRO\u0160A\u010c-\u010cINILAC TRA\u017dNJE 7.DOHODAK-\u010cINILAC TRA\u017dNJE 8.CENA &#8211; \u010cINILAC TRA\u017dNJE 9.UKR\u0160TENA ELASTI\u010cNOST TRA\u017dNJE 10.OSTALI \u010cINIOCI TRA\u017dNJE 11.CENE 12.PROMET 13.TRGOVINA NA MALO 14.TR\u017dI\u0160NE USTANOVE U PROMETU Tr\u017ei\u0161te agroindustrijskih proizvoda specijalni deo<\/p>\n","protected":false},"author":3,"featured_media":0,"parent":0,"menu_order":0,"comment_status":"closed","ping_status":"closed","template":"","meta":{"footnotes":""},"class_list":["post-4256","page","type-page","status-publish","hentry"],"_links":{"self":[{"href":"http:\/\/ae.polj.uns.ac.rs\/index.php\/wp-json\/wp\/v2\/pages\/4256","targetHints":{"allow":["GET"]}}],"collection":[{"href":"http:\/\/ae.polj.uns.ac.rs\/index.php\/wp-json\/wp\/v2\/pages"}],"about":[{"href":"http:\/\/ae.polj.uns.ac.rs\/index.php\/wp-json\/wp\/v2\/types\/page"}],"author":[{"embeddable":true,"href":"http:\/\/ae.polj.uns.ac.rs\/index.php\/wp-json\/wp\/v2\/users\/3"}],"replies":[{"embeddable":true,"href":"http:\/\/ae.polj.uns.ac.rs\/index.php\/wp-json\/wp\/v2\/comments?post=4256"}],"version-history":[{"count":4,"href":"http:\/\/ae.polj.uns.ac.rs\/index.php\/wp-json\/wp\/v2\/pages\/4256\/revisions"}],"predecessor-version":[{"id":4715,"href":"http:\/\/ae.polj.uns.ac.rs\/index.php\/wp-json\/wp\/v2\/pages\/4256\/revisions\/4715"}],"wp:attachment":[{"href":"http:\/\/ae.polj.uns.ac.rs\/index.php\/wp-json\/wp\/v2\/media?parent=4256"}],"curies":[{"name":"wp","href":"https:\/\/api.w.org\/{rel}","templated":true}]}}