{"id":384,"date":"2017-08-30T10:09:42","date_gmt":"2017-08-30T10:09:42","guid":{"rendered":"http:\/\/ae.polj.uns.ac.rs\/?page_id=384"},"modified":"2026-04-02T13:16:00","modified_gmt":"2026-04-02T13:16:00","slug":"kalendar-ispita","status":"publish","type":"page","link":"http:\/\/ae.polj.uns.ac.rs\/index.php\/kalendar-ispita\/","title":{"rendered":"Kalendar ispita"},"content":{"rendered":"<figure class=\"wp-block-table\">\n<table class=\"has-fixed-layout\">\n<tbody>\n<tr>\n<td><strong>IME I PREZIME<\/strong><\/td>\n<td><strong>U\u017dA NAU\u010cNA OBLAST<\/strong><\/td>\n<td class=\"has-text-align-center\" data-align=\"center\"><strong>TERMINI ISPITA<\/strong><\/td>\n<td><strong>E-MAIL ADRESA<\/strong><\/td>\n<\/tr>\n<tr>\n<td>dr JANKO VESELINOVI\u0106<\/td>\n<td>Privredno pravo<\/td>\n<td class=\"has-text-align-center\" data-align=\"center\">Ispit u aprilskom roku iz predmeta Privredno pravo umesto 09.04. odr\u017ea\u0107e se 14.04.2026. godine u 12.00 u kabinetu na 4.spratu.<\/td>\n<td>janko.veselinovic(at)polj.uns.ac.rs<\/td>\n<\/tr>\n<tr>\n<td>dr NATA\u0160A VUKELI\u0106<\/td>\n<td>Menad\u017ement i organizacija u poljoprivredi<\/td>\n<td class=\"has-text-align-center\" data-align=\"center\"><strong><em>OUP, PIP,\u00a0MSP, MRP\u00a0\u00a0<\/em><\/strong><br \/><strong>Aprilski ispitni rok<\/strong><br \/><strong>Pismeni : 07.4.2026. u 11h P3 <\/strong><br \/><strong>Usmeni: 09.4.2026. u 10h\u00a0<\/strong> <br \/><strong>Usmeni MRP: 09.4.2026. u 10h\u00a0<\/strong> <br \/>Ispit iz Agromenad\u017ementa se uvek pola\u017ee u terminu pismenog dela ispita.<\/td>\n<td>natasa.vukelic(at)polj.uns.ac.rs<\/td>\n<\/tr>\n<tr>\n<td>dr VELJKO VUKOJE<\/td>\n<td>Ra\u010dunovodstvo i ekonomika poljoprivrednih gazdinstava<\/td>\n<td class=\"has-text-align-center\" data-align=\"center\">\n<p><a href=\"http:\/\/ae.polj.uns.ac.rs\/wp-content\/uploads\/2025\/12\/1-VVukoje_AMiljatovic_Kalendar-pismenih-ispita-2025-26.pdf\">Termini pismenih ispita u akademskoj 2025\/26. godini<\/a><\/p>\n<p><a href=\"http:\/\/ae.polj.uns.ac.rs\/wp-content\/uploads\/2026\/04\/VVukoje_AMiljatovic_Usmeni-ispit_APRIL-2026.pdf\">Termin usmenog ispita u APRILSKOM ispitnom roku 2026. godine<\/a><\/p>\n<\/td>\n<td>veljko.vukoje(at)polj.uns.ac.rs<\/td>\n<\/tr>\n<tr>\n<td>dr KATARINA \u0110URI\u0106<\/td>\n<td>Agrarna ekonomija i ruralni razvoj<\/td>\n<td class=\"has-text-align-center\" data-align=\"center\">\n<p style=\"text-align: center;\"><strong>APRILSKI ISPITNI ROK<\/strong><\/p>\n<p style=\"text-align: center;\">Termin ispita je 08. IV 2026.g. u 11 \u010dasova u kabinetu nastavnika.<\/p>\n<\/td>\n<td>katarina.djuric(at)polj.uns.ac.rs<\/td>\n<\/tr>\n<tr>\n<td>dr VLADISLAV ZEKI\u0106<\/td>\n<td>Ra\u010dunovodstvo i ekonomika poljoprivrednih gazdinstava<\/td>\n<td class=\"has-text-align-center\" data-align=\"center\">\n<p><strong>PISMENI &#8211; <\/strong>Aprilski ispitni rok \u2013 06.04.2026. u 08:00h u S51\u00a0 \u00a0 \u00a0 \u00a0 \u00a0 \u00a0 \u00a0 \u00a0 \u00a0 \u00a0 \u00a0 \u00a0 \u00a0 \u00a0 \u00a0 \u00a0 \u00a0 \u00a0 \u00a0 \u00a0 \u00a0 \u00a0 \u00a0 <strong>USMENI i upis ocena\u00a0 &#8211; <\/strong>Aprilski ispitni rok \u2013 06.04.2026. u 12:00h u kabinetu profesora.(sto\u010darski paviljon, IV sprat, kancelarija broj 13).<\/p>\n<\/td>\n<td>vladislav.zekic(at)polj.uns.ac.rs<\/td>\n<\/tr>\n<tr>\n<td>dr TIHOMIR ZORANOVI\u0106<\/td>\n<td>Informatika i informacioni sistemi<\/td>\n<td class=\"has-text-align-center\" data-align=\"center\"><a href=\"http:\/\/ae.polj.uns.ac.rs\/index.php\/informatika-i-primenjena-informatika\/\">http:\/\/ae.polj.uns.ac.rs\/index.php\/informatika-i-primenjena-informatika\/<\/a><\/td>\n<td>tihomir.zoranovic(at)polj.uns.ac.rs<\/td>\n<\/tr>\n<tr>\n<td>dr DEJAN JANKOVI\u0106<\/td>\n<td>Sociologija<\/td>\n<td class=\"has-text-align-center\" data-align=\"center\"><a href=\"http:\/\/ae.polj.uns.ac.rs\/index.php\/kalendar-ispita-sociologija\/\" data-type=\"page\" data-id=\"12671\">Kalendar ispita Sociologija<\/a>\n<p>Ispit iz <strong>Sociologije<\/strong> u dodatnom ispitnom roku, odr\u017ea\u0107e se za sve smerove u utorak, <strong>03.02.2026.<\/strong> sa po\u010detkom u 10h u kabinetu profesora<\/p>\n<\/td>\n<td>dejan.jankovic(at)polj.uns.ac.rs<\/td>\n<\/tr>\n<tr>\n<td>dr MIRJANA LUKA\u010c-BULATOVI\u0106<\/td>\n<td>Menad\u017ement i organizacija u poljoprivredi<\/td>\n<td class=\"has-text-align-center\" data-align=\"center\"><a href=\"http:\/\/ae.polj.uns.ac.rs\/wp-content\/uploads\/2025\/11\/KALENDAR-ISPITA-2025-2026.-.docx\">KALENDAR-ISPITA-2025-2026.Download<\/a><br \/><a href=\"mailto:mirjana.lukac@polj.uns.ac.rs\">mirjana.lukac@polj.uns.ac.rs<\/a> \u00a0\n<p>\u0414\u043e\u0434\u0430\u0442\u043d\u0438 \u0438\u0441\u043f\u0438\u0442\u043d\u0438 \u0440\u043e\u043a \u043e\u0434\u0440\u0436\u0430\u045b\u0435 \u0441\u0435:<\/p>\n<p>05.02.2026. \u0441\u0430 \u043f\u043e\u0447\u0435\u0442\u043a\u043e\u043c \u0443 10 \u0447\u0430\u0441\u043e\u0432\u0430 \u00a0(\u0421\u041f, IV \u0441\u043f\u0440\u0430\u0442, \u043a\u0430\u043d\u0446. \u0431\u0440 21)<\/p>\n<\/td>\n<td>mirjana.lukac(at)polj.uns.ac.rs<\/td>\n<\/tr>\n<tr>\n<td>dr TODOR MARKOVI\u0106<\/td>\n<td>Ra\u010dunovodstvo i ekonomika poljoprivrednih gazdinstava<\/td>\n<td class=\"has-text-align-center\" data-align=\"center\"><strong><a href=\"http:\/\/ae.polj.uns.ac.rs\/wp-content\/uploads\/2026\/03\/\u0422\u0415\u0420\u041c\u0418\u041d\u0418-\u0418\u0421\u041f\u0418\u0422\u0410-\u0423-2026.-\u0413\u041e\u0414\u0418\u041d\u0418.pdf\">\u0422\u0415\u0420\u041c\u0418\u041d\u0418 \u0418\u0421\u041f\u0418\u0422\u0410 \u0423 2026. \u0413\u041e\u0414\u0418\u041d\u0418<\/a><\/strong><br \/><strong><a href=\"http:\/\/ae.polj.uns.ac.rs\/wp-content\/uploads\/2026\/03\/\u0410\u041f\u0420\u0418\u041b\u0421\u041a\u0418-\u0418\u0421\u041f\u0418\u0422\u041d\u0418-\u0420\u041e\u041a-1.pdf\">\u0410\u041f\u0420\u0418\u041b\u0421\u041a\u0418 \u0418\u0421\u041f\u0418\u0422\u041d\u0418 \u0420\u041e\u041a<\/a><\/strong><\/td>\n<td>todor.markovic(at)polj.uns.ac.rs<\/td>\n<\/tr>\n<tr>\n<td>dr DRAGAN MILI\u0106<\/td>\n<td>Ra\u010dunovodstvo i ekonomika poljoprivrednih gazdinstava<\/td>\n<td class=\"has-text-align-center\" data-align=\"center\">\n<p><strong>PISMENI &#8211; <\/strong>Aprilski ispitni rok &#8211; 06.04.2026. u 08:00h u S51<br \/><strong>USMENI i upis ocena &#8211;<\/strong> Aprilski ispitni rok &#8211; 06.04.2026. u 12:00h u kabinetu profesora (sto\u010darski paviljon, IV sprat, kancelarija broj 18). <strong>Napomena: Upis <\/strong>ocene se vr\u0161i isklju\u010divo uz <strong><u>LI\u010cNO PRISUSTVO<\/u><\/strong> studenta.\u00a0<\/p>\n<\/td>\n<td>dragan.milic(at)polj.uns.ac.rs<\/td>\n<\/tr>\n<tr>\n<td>dr BEBA MUTAVD\u017dI\u0106<\/td>\n<td>Kvantitativne metode u agroekonomiji<\/td>\n<td class=\"has-text-align-center\" data-align=\"center\"><a href=\"https:\/\/domacistatistika.yolasite.com\/\">https:\/\/domacistatistika.yolasite.com\/<\/a><\/td>\n<td>beba.mutavdzic(at)polj.uns.ac.rs<\/td>\n<\/tr>\n<tr>\n<td>dr VESNA RODI\u0106<\/td>\n<td>Menad\u017ement i organizacija u poljoprivredi<\/td>\n<td class=\"has-text-align-center\" data-align=\"center\">\n<p><strong><em>Termine obavezno proveriti\u00a0 24h pred zakazani termin, jer mo\u017ee do\u0107i do izmena termina, u zavisnosti od broja prijavljenih studenata.\u00a0<\/em><\/strong><\/p>\n<p><span style=\"color: #ff0000;\">Za polaganje je neophodno predati indeks u navedenom terminu. Naknadna predaja indeksa nije mogu\u0107a.\u00a0<\/span>\u00a0<\/p>\n<p><strong>APRILSKI ROK:\u00a0<\/strong><\/p>\n<p>AEM (ex UZSPR) i OEAM (ex OUZS) &#8211; 8.04.2026. <span style=\"color: #000000;\"><span style=\"color: #000000;\">u 9h<\/span><\/span><\/p>\n<p>ULJR1 &#8211;\u00a0 7.04.2026. u 10h<\/p>\n<p>Usmeni za studente RP, OP i AT &#8211; 8.04.2026. u 14h<\/p>\n<\/td>\n<td>vesna.rodic(at)polj.uns.ac.rs<\/td>\n<\/tr>\n<tr>\n<td>dr NEDELJKO TICA<\/td>\n<td>Ra\u010dunovodstvo i ekonomika poljoprivrednih gazdinstava<\/td>\n<td class=\"has-text-align-center\" data-align=\"center\">\n<p><strong>PISMENI\u00a0 &#8211; <\/strong>Aprilski ispitni rok &#8211; 06.04.2026. u 08:00h u S51<\/p>\n<\/td>\n<td>nedeljko.tica(at)polj.uns.ac.rs<\/td>\n<\/tr>\n<tr>\n<td>dr BOJANA KOMAROMI<\/td>\n<td>Engleski jezik<\/td>\n<td class=\"has-text-align-center\" data-align=\"center\"><a href=\"https:\/\/ppfakultetengleski.wordpress.com\/\">https:\/\/ppfakultetengleski.wordpress.com\/<\/a><\/td>\n<td>bojana.komaromi(at)polj.uns.ac.rs<\/td>\n<\/tr>\n<tr>\n<td>dr MARINA NOVAKOV<\/td>\n<td>\u00a0Sociologija<\/td>\n<td class=\"has-text-align-center\" data-align=\"center\"><a href=\"http:\/\/ae.polj.uns.ac.rs\/index.php\/kalendar-ispita-sociologija\/\" data-type=\"page\" data-id=\"12671\">Kalendar ispita Sociologija<\/a>\n<p>Ispit iz <strong>Sociologije<\/strong> u dodatnom ispitnom roku, odr\u017ea\u0107e se za sve smerove u utorak, <strong>03.02.2026.<\/strong> sa po\u010detkom u 10h u kabinetu profesora<\/p>\n<\/td>\n<td>marina.novakov(at)polj.uns.ac.rs<\/td>\n<\/tr>\n<tr>\n<td>dr MARICA PETROVI\u0106<\/td>\n<td>Sociologija<\/td>\n<td class=\"has-text-align-center\" data-align=\"center\"><a href=\"http:\/\/ae.polj.uns.ac.rs\/index.php\/kalendar-ispita-sociologija\/\" data-type=\"page\" data-id=\"12671\">Kalendar ispita Sociologija<\/a>\n<p>Ispit iz <strong>Sociologije<\/strong> u dodatnom ispitnom roku, odr\u017ea\u0107e se za sve smerove u utorak, <strong>03.02.2026.<\/strong> sa po\u010detkom u 10h u kabinetu profesora<\/p>\n<\/td>\n<td>marica.petrovic(at)polj.uns.ac.rs<\/td>\n<\/tr>\n<tr>\n<td>dr MIRELA TOMA\u0160 SIMIN<\/td>\n<td>Agrarna ekonomija i ruralni razvoj<\/td>\n<td class=\"has-text-align-center\" data-align=\"center\">U <b>aprilskom <\/b>ispitnom roku ispiti iz <strong>svih predmeta<\/strong> odr\u017ea\u0107e se u <strong>\u010detvrtak, 09.04.2026.<\/strong> godine sa po\u010detkom u <strong>12h<\/strong> u kancelariji prof. dr Mirele Toma\u0161 Simin<\/td>\n<td>mirela.tomas(at)polj.uns.ac.rs<\/td>\n<\/tr>\n<tr>\n<td>dr DANICA GLAVA\u0160-TRBI\u0106<\/td>\n<td>Agrarna ekonomija i ruralni razvoj<\/td>\n<td class=\"has-text-align-center\" data-align=\"center\">U <b>aprilskom <\/b>ispitnom roku ispiti iz <strong>svih predmeta<\/strong> odr\u017ea\u0107e se u <strong>\u010detvrtak, 09.04.2026.<\/strong> godine sa po\u010detkom u <strong>12h<\/strong> u kancelariji prof. dr Mirele Toma\u0161 Simin<\/td>\n<td>danicagt(at)polj.uns.ac.rs<\/td>\n<\/tr>\n<tr>\n<td>dr\u00a0JELENA\u00a0DESPOTOVI\u0106<\/td>\n<td>Menad\u017ement i organizacija u poljoprivredi<\/td>\n<td class=\"has-text-align-center\" data-align=\"center\">\n<p><strong>APRILSKI ROK <\/strong><\/p>\n<p>Pismeni ispit 7.04.2026. u 11h u P<\/p>\n<p>Usmeni ispit RP, OP, AT 8.04.2026. u 14h<\/p>\n<p>\u00a0 \u00a0 \u00a0 \u00a0 \u00a0 \u00a0 \u00a0 \u00a0 \u00a0 \u00a0 \u00a0 \u00a0 \u00a0AE\u00a0 (MRP) 9.04.2026. u 10h<\/p>\n<\/td>\n<td>jelena.despotovic(at)polj.uns.ac.rs<\/td>\n<\/tr>\n<tr>\n<td>dr ALEKSANDAR MILJATOVI\u0106<\/td>\n<td>Ra\u010dunovodstvo i ekonomika poljoprivrednih gazdinstava<\/td>\n<td class=\"has-text-align-center\" data-align=\"center\">\n<p><a href=\"http:\/\/ae.polj.uns.ac.rs\/wp-content\/uploads\/2025\/12\/1-VVukoje_AMiljatovic_Kalendar-pismenih-ispita-2025-26.pdf\">Termini pismenih ispita u akademskoj 2025\/26. godini<\/a><\/p>\n<p><a href=\"http:\/\/ae.polj.uns.ac.rs\/wp-content\/uploads\/2026\/04\/VVukoje_AMiljatovic_Usmeni-ispit_APRIL-2026.pdf\">Termin usmenog ispita u APRILSKOM ispitnom roku 2026. godine<\/a><\/p>\n<\/td>\n<td>aleksandar.miljatovic(at)polj.uns.ac.rs<\/td>\n<\/tr>\n<tr>\n<td>dr TIHOMIR NOVAKOVI\u0106<\/td>\n<td>Kvantitativne metode u agroekonomiji<\/td>\n<td class=\"has-text-align-center\" data-align=\"center\"><strong>https:\/\/domacistatistika.yolasite.com\/<\/strong><\/td>\n<td>tihomir.novakovic(at)polj.uns.ac.rs<\/td>\n<\/tr>\n<tr>\n<td>dr DRAGANA NOVAKOVI\u0106<\/td>\n<td>Kvantitativne metode u agroekonomiji<\/td>\n<td class=\"has-text-align-center\" data-align=\"center\"><strong>https:\/\/domacistatistika.yolasite.com\/<\/strong><\/td>\n<td>dragana.tekic(at)polj.uns.ac.rs<\/td>\n<\/tr>\n<tr>\n<td>dr VUK RADOJEVI\u0106<\/td>\n<td>Tr\u017ei\u0161te i marketing poljoprivredno-prehrambenih proizvoda<\/td>\n<td class=\"has-text-align-center\" data-align=\"center\"><strong><a href=\"http:\/\/ae.polj.uns.ac.rs\/wp-content\/uploads\/2025\/11\/\u041d\u041e\u0412\u0415\u041c\u0411\u0410\u0420\u0421\u041a\u0418-\u0418\u0421\u041f\u0418\u0422\u041d\u0418-\u0420\u041e\u041a.pdf\">\u041d\u041e\u0412\u0415\u041c\u0411\u0410\u0420\u0421\u041a\u0418 \u0418\u0421\u041f\u0418\u0422\u041d\u0418 \u0420\u041e\u041a<\/a><\/strong><\/td>\n<td>vuk.radojevic(at)polj.uns.ac.rs<\/td>\n<\/tr>\n<tr>\n<td>mr ALEKSANDAR JAGROVI\u0106<\/td>\n<td>Engleski jezik<\/td>\n<td class=\"has-text-align-center\" data-align=\"center\">https:\/\/ppfakultetengleski.wordpress.com\/<\/td>\n<td>aleksandar.jagrovic(at)polj.uns.ac.rs<\/td>\n<\/tr>\n<tr>\n<td>mr IGOR CVIJANOVI\u0106<\/td>\n<td>Engleski jezik<\/td>\n<td class=\"has-text-align-center\" data-align=\"center\">https:\/\/ppfakultetengleski.wordpress.com\/<\/td>\n<td>igor.cvijanovic(at)polj.uns.ac.rs<\/td>\n<\/tr>\n<\/tbody>\n<\/table>\n<\/figure>\n\n\n<p><\/p>\n\n\n\n<p><\/p>\n\n\n\n<p><\/p>\n","protected":false},"excerpt":{"rendered":"<p>IME I PREZIME U\u017dA NAU\u010cNA OBLAST TERMINI ISPITA E-MAIL ADRESA dr JANKO VESELINOVI\u0106 Privredno pravo Ispit u aprilskom roku iz predmeta Privredno pravo umesto 09.04. odr\u017ea\u0107e se 14.04.2026. godine u 12.00 u kabinetu na 4.spratu. janko.veselinovic(at)polj.uns.ac.rs dr NATA\u0160A VUKELI\u0106 Menad\u017ement i organizacija u poljoprivredi OUP, PIP,\u00a0MSP, MRP\u00a0\u00a0Aprilski ispitni rokPismeni : 07.4.2026. u 11h P3 Usmeni: 09.4.2026. u 10h\u00a0 Usmeni MRP: 09.4.2026. u 10h\u00a0 Ispit iz Agromenad\u017ementa se uvek pola\u017ee u terminu pismenog dela ispita. natasa.vukelic(at)polj.uns.ac.rs dr VELJKO VUKOJE Ra\u010dunovodstvo i&hellip;<\/p>\n","protected":false},"author":1,"featured_media":0,"parent":0,"menu_order":0,"comment_status":"closed","ping_status":"closed","template":"","meta":{"footnotes":""},"class_list":["post-384","page","type-page","status-publish","hentry"],"_links":{"self":[{"href":"http:\/\/ae.polj.uns.ac.rs\/index.php\/wp-json\/wp\/v2\/pages\/384","targetHints":{"allow":["GET"]}}],"collection":[{"href":"http:\/\/ae.polj.uns.ac.rs\/index.php\/wp-json\/wp\/v2\/pages"}],"about":[{"href":"http:\/\/ae.polj.uns.ac.rs\/index.php\/wp-json\/wp\/v2\/types\/page"}],"author":[{"embeddable":true,"href":"http:\/\/ae.polj.uns.ac.rs\/index.php\/wp-json\/wp\/v2\/users\/1"}],"replies":[{"embeddable":true,"href":"http:\/\/ae.polj.uns.ac.rs\/index.php\/wp-json\/wp\/v2\/comments?post=384"}],"version-history":[{"count":1951,"href":"http:\/\/ae.polj.uns.ac.rs\/index.php\/wp-json\/wp\/v2\/pages\/384\/revisions"}],"predecessor-version":[{"id":13223,"href":"http:\/\/ae.polj.uns.ac.rs\/index.php\/wp-json\/wp\/v2\/pages\/384\/revisions\/13223"}],"wp:attachment":[{"href":"http:\/\/ae.polj.uns.ac.rs\/index.php\/wp-json\/wp\/v2\/media?parent=384"}],"curies":[{"name":"wp","href":"https:\/\/api.w.org\/{rel}","templated":true}]}}