{"id":3615,"date":"2019-11-28T12:41:18","date_gmt":"2019-11-28T12:41:18","guid":{"rendered":"http:\/\/ae.polj.uns.ac.rs\/?page_id=3615"},"modified":"2019-11-28T12:42:22","modified_gmt":"2019-11-28T12:42:22","slug":"poziv-na-okrugli-sto-departmana-ae-petak-6-decembar-2019","status":"publish","type":"page","link":"http:\/\/ae.polj.uns.ac.rs\/index.php\/poziv-na-okrugli-sto-departmana-ae-petak-6-decembar-2019\/","title":{"rendered":"Poziv na Okrugli sto Departmana AE &#8211; petak 6. decembar 2019."},"content":{"rendered":"<p style=\"font-weight: 400;\">Po\u0161tovane koleginice i kolege,<\/p>\n<p style=\"font-weight: 400;\">Departman za ekonomiku poljoprivrede i sociologiju sela Vas poziva da uzmete u\u010de\u0161\u0107e i prisustvujete odr\u017eavanju Okruglog stola pod nazivom UNIVERZITET I PRIVREDA &#8211; UNAPRE\u0110ENJE STUDIJSKOG PROGRAMA, PRAKTI\u010cNE NASTAVE I ZAPO\u0160LJAVANJA AGROEKONOMISTA, koji \u0107e se odr\u017eati u petak 6. decembra 2019. godine u Amfiteatru Poljoprivrednog fakulteta u Novom Sadu sa po\u010detkom u 17.00 \u010dasova.<\/p>\n<p style=\"font-weight: 400;\">Ovim skupom \u017eelimo da okupimo agroekonomiste koji su diplomirali na na\u0161em Departmanu sa ciljem da se dobiju povratne informacije u vezi sa novim zahtevima za profesiju agroekonomista, kao i da se profesionalna iskustva zaposlenih agroekonomista iskoriste za unapre\u0111enje studijskog plana i programa agroekonomije koji se realizuje na Departmanu AE.<\/p>\n<p style=\"font-weight: 400;\">Istovremeno, \u017eelimo da studentima i nezaposlenim agroekonomistima uka\u017eemo na znanja, ve\u0161tine i izazove koji ih o\u010dekuju u razli\u010ditim sektorima mogu\u0107eg zapo\u0161ljavanja.<\/p>\n<p style=\"font-weight: 400;\">Cilj na\u0161eg okupljanja je i da se izvr\u0161i promocija agroekonomske profesije, da se okupe i me\u0111usobno jo\u0161 bolje pove\u017eu na\u0161i agroekonomisti u okviru ALUMNI kluba Agroekonomija.<\/p>\n<p style=\"font-weight: 400;\">Nadamo se da \u0107ete na\u0107i vremena i motiva da nam se pridru\u017eite na ovom skupu i doprinesete unapre\u0111enju agroekonomske profesije koja se ve\u0107 decenijama stvara pod okriljem na\u0161eg fakulteta.<\/p>\n<p style=\"font-weight: 400;\"><strong>Tako\u0111e Vas molimo da nam (zbog organizacionih pitanja) mailom kratko povrdite Va\u0161e u\u010de\u0161\u0107e na skupu i u svoj rokovnik kao neizostavno ubele\u017eite datum 6. decembar 2019. u 17.00 \u010dasova.<\/strong><\/p>\n<p style=\"font-weight: 400;\">Nakon skupa planirano je kra\u0107e dru\u017eenje na koktelu u klubu nastavnika&#8230; stoga obavezno ponesite svoje dobro raspolo\u017eenje i vizit karte kako bi imali najnovije informacije o Va\u0161im pozicijama u sektoru.<\/p>\n<p style=\"font-weight: 400;\">Do skorog vi\u0111enja,<\/p>\n<p style=\"font-weight: 400;\">S po\u0161tovanjem,<\/p>\n<p style=\"font-weight: 400;\">Va\u0161 Departman AE<\/p>\n<h2 style=\"font-weight: 400;\"><a href=\"http:\/\/ae.polj.uns.ac.rs\/wp-content\/uploads\/2019\/11\/PROGRAM-OKRUGLI-STO-2019.pdf\">PROGRAM OKRUGLI STO 2019<\/a><\/h2>\n","protected":false},"excerpt":{"rendered":"<p>Po\u0161tovane koleginice i kolege, Departman za ekonomiku poljoprivrede i sociologiju sela Vas poziva da uzmete u\u010de\u0161\u0107e i prisustvujete odr\u017eavanju Okruglog stola pod nazivom UNIVERZITET I PRIVREDA &#8211; UNAPRE\u0110ENJE STUDIJSKOG PROGRAMA, PRAKTI\u010cNE NASTAVE I ZAPO\u0160LJAVANJA AGROEKONOMISTA, koji \u0107e se odr\u017eati u petak 6. decembra 2019. godine u Amfiteatru Poljoprivrednog fakulteta u Novom Sadu sa po\u010detkom u 17.00 \u010dasova. Ovim skupom \u017eelimo da okupimo agroekonomiste koji su diplomirali na na\u0161em Departmanu sa ciljem da se dobiju povratne informacije u vezi sa novim&hellip;<\/p>\n","protected":false},"author":1,"featured_media":0,"parent":0,"menu_order":0,"comment_status":"closed","ping_status":"closed","template":"","meta":{"footnotes":""},"class_list":["post-3615","page","type-page","status-publish","hentry"],"_links":{"self":[{"href":"http:\/\/ae.polj.uns.ac.rs\/index.php\/wp-json\/wp\/v2\/pages\/3615","targetHints":{"allow":["GET"]}}],"collection":[{"href":"http:\/\/ae.polj.uns.ac.rs\/index.php\/wp-json\/wp\/v2\/pages"}],"about":[{"href":"http:\/\/ae.polj.uns.ac.rs\/index.php\/wp-json\/wp\/v2\/types\/page"}],"author":[{"embeddable":true,"href":"http:\/\/ae.polj.uns.ac.rs\/index.php\/wp-json\/wp\/v2\/users\/1"}],"replies":[{"embeddable":true,"href":"http:\/\/ae.polj.uns.ac.rs\/index.php\/wp-json\/wp\/v2\/comments?post=3615"}],"version-history":[{"count":2,"href":"http:\/\/ae.polj.uns.ac.rs\/index.php\/wp-json\/wp\/v2\/pages\/3615\/revisions"}],"predecessor-version":[{"id":3619,"href":"http:\/\/ae.polj.uns.ac.rs\/index.php\/wp-json\/wp\/v2\/pages\/3615\/revisions\/3619"}],"wp:attachment":[{"href":"http:\/\/ae.polj.uns.ac.rs\/index.php\/wp-json\/wp\/v2\/media?parent=3615"}],"curies":[{"name":"wp","href":"https:\/\/api.w.org\/{rel}","templated":true}]}}