{"id":170,"date":"2017-06-30T10:03:32","date_gmt":"2017-06-30T10:03:32","guid":{"rendered":"http:\/\/ae.polj.uns.ac.rs\/?page_id=170"},"modified":"2025-11-20T08:40:11","modified_gmt":"2025-11-20T08:40:11","slug":"konsultacije-2","status":"publish","type":"page","link":"http:\/\/ae.polj.uns.ac.rs\/index.php\/konsultacije-2\/","title":{"rendered":"KONSULTACIJE"},"content":{"rendered":"<table>\n<tbody>\n<tr>\n<td width=\"234\"><strong>Ime i prezime<\/strong><\/td>\n<td width=\"313\"><strong>e-mail adresa<\/strong><\/td>\n<td width=\"233\"><strong>Termin konsultacija<\/strong><\/td>\n<\/tr>\n<tr>\n<td colspan=\"3\" width=\"784\"><strong>REDOVNI PROFESORI<\/strong><\/td>\n<\/tr>\n<tr>\n<td width=\"234\">dr Janko Veselinovi\u0107<\/td>\n<td width=\"313\">janko.veselinovic@polj.uns.ac.rs<\/td>\n<td width=\"233\">U dogovoru sa nastavnikom<\/td>\n<\/tr>\n<tr>\n<td width=\"234\">dr Nata\u0161a Vukeli\u0107<\/td>\n<td width=\"313\">natasa.vukelic@polj.uns.ac.rs<\/td>\n<td width=\"233\">U dogovoru sa nastavnikom<\/td>\n<\/tr>\n<tr>\n<td width=\"234\">dr Veljko Vukoje<\/td>\n<td width=\"313\">veljko.vukoje@polj.uns.ac.rs<\/td>\n<td width=\"233\">U dogovoru sa nastavnikom<\/td>\n<\/tr>\n<tr>\n<td width=\"234\">dr Katarina \u0110uri\u0107<\/td>\n<td width=\"313\">katarina.djuric@polj.uns.ac.rs<\/td>\n<td width=\"233\">U dogovoru sa nastavnikom<\/td>\n<\/tr>\n<tr>\n<td width=\"234\">dr Vladislav Zeki\u0107<\/td>\n<td width=\"313\">vladislav.zekic@polj.uns.ac.rs<\/td>\n<td width=\"233\">U dogovoru sa nastavnikom<\/td>\n<\/tr>\n<tr>\n<td width=\"234\">dr Tihomir Zoranovi\u0107<\/td>\n<td width=\"313\">tihomir.zoranovic@polj.uns.ac.rs<\/td>\n<td width=\"233\">U dogovoru sa nastavnikom<\/td>\n<\/tr>\n<tr>\n<td width=\"234\">dr Dejan Jankovi\u0107<\/td>\n<td width=\"313\">dejan.jankovic@polj.uns.ac.rs<\/td>\n<td width=\"233\">U dogovoru sa nastavnikom<\/td>\n<\/tr>\n<tr>\n<td width=\"234\">dr Mirjana Luka\u010d-Bulatovi\u0107<\/td>\n<td width=\"313\">mirjana.lukac@polj.uns.ac.rs<\/td>\n<td width=\"233\">U dogovoru sa nastavnikom<\/td>\n<\/tr>\n<tr>\n<td width=\"234\">dr Todor Markovi\u0107<\/td>\n<td width=\"313\">todor.markovic@polj.uns.ac.rs<\/td>\n<td width=\"233\">U dogovoru sa nastavnikom<\/td>\n<\/tr>\n<tr>\n<td width=\"234\">dr Dragan Mili\u0107<\/td>\n<td width=\"313\">dragan.milic@polj.uns.ac.rs<\/td>\n<td width=\"233\">U dogovoru sa nastavnikom<\/td>\n<\/tr>\n<tr>\n<td width=\"234\">dr Beba Mutavd\u017ei\u0107<\/td>\n<td width=\"313\">beba.mutavdzic@polj.uns.ac.rs<\/td>\n<td width=\"233\">U dogovoru sa nastavnikom<\/td>\n<\/tr>\n<tr>\n<td width=\"234\">dr Vesna Rodi\u0107<\/td>\n<td width=\"313\">vesna.rodic@polj.uns.ac.rs<\/td>\n<td width=\"233\">U dogovoru sa nastavnikom<\/td>\n<\/tr>\n<tr>\n<td width=\"234\">dr Nedeljko Tica<\/td>\n<td width=\"313\">nedeljko.tica@polj.uns.ac.rs<\/td>\n<td width=\"233\">U dogovoru sa nastavnikom<\/td>\n<\/tr>\n<tr>\n<td colspan=\"3\" width=\"784\"><strong>VANREDNI PROFESORI<\/strong><\/td>\n<\/tr>\n<tr>\n<td width=\"234\">dr Bojana Komaromi<\/td>\n<td width=\"313\">bojana.komaromi@polj.uns.ac.rs<\/td>\n<td width=\"233\">U dogovoru sa nastavnikom<\/td>\n<\/tr>\n<tr>\n<td width=\"234\">dr Marina Novakov<\/td>\n<td width=\"313\">marina.novakov@polj.uns.ac.rs<\/td>\n<td width=\"233\">U dogovoru sa nastavnikom<\/td>\n<\/tr>\n<tr>\n<td width=\"234\">dr Marica Petrovi\u0107<\/td>\n<td width=\"313\">marica.petrovic@polj.uns.ac.rs<\/td>\n<td width=\"233\">U dogovoru sa nastavnikom<\/td>\n<\/tr>\n<tr>\n<td width=\"234\">dr Mirela Toma\u0161 Simin<\/td>\n<td width=\"313\">mirela.tomas@polj.uns.ac.rs<\/td>\n<td width=\"233\">U dogovoru sa nastavnikom<\/td>\n<\/tr>\n<tr>\n<td colspan=\"3\" width=\"784\"><strong>DOCENTI<\/strong><\/td>\n<\/tr>\n<tr>\n<td width=\"234\">dr Danica Glava\u0161-Trbi\u0107<\/td>\n<td width=\"313\">danicagt@polj.uns.ac.rs<\/td>\n<td width=\"233\">U dogovoru sa nastavnikom<\/td>\n<\/tr>\n<tr>\n<td width=\"234\">dr Jelena Despotovi\u0107<\/td>\n<td width=\"313\">jelena.despotovic@polj.uns.ac.rs<\/td>\n<td width=\"233\">Na porodiljskom odsustvu<\/td>\n<\/tr>\n<tr>\n<td width=\"234\">dr Aleksandar Miljatovi\u0107<\/td>\n<td width=\"313\">aleksandar.miljatovic@polj.uns.ac.rs<\/td>\n<td width=\"233\">U dogovoru sa nastavnikom<\/td>\n<\/tr>\n<tr>\n<td width=\"234\">dr Tihomir Novakovi\u0107<\/td>\n<td width=\"313\">tihomir.novakovic@polj.uns.ac.rs<\/td>\n<td width=\"233\">U dogovoru sa nastavnikom<\/td>\n<\/tr>\n<tr>\n<td width=\"234\">dr Dragana Novakovi\u0107<\/td>\n<td width=\"313\">dragana.tekic@polj.uns.ac.rs<\/td>\n<td width=\"233\">U dogovoru sa nastavnikom<\/td>\n<\/tr>\n<tr>\n<td width=\"234\">dr Vuk Radojevi\u0107<\/td>\n<td width=\"313\">vuk.radojevic@polj.uns.ac.rs<\/td>\n<td width=\"233\">U dogovoru sa nastavnikom<\/td>\n<\/tr>\n<tr>\n<td colspan=\"3\" width=\"784\"><strong>PREDAVA\u010cI<\/strong><\/td>\n<\/tr>\n<tr>\n<td width=\"234\">mr Aleksandar Jagrovi\u0107<\/td>\n<td width=\"313\">aleksandar.jagrovic@polj.uns.ac.rs<\/td>\n<td width=\"233\">U dogovoru sa nastavnikom<\/td>\n<\/tr>\n<tr>\n<td width=\"234\">dr Igor Cvijanovi\u0107<\/td>\n<td width=\"313\">igor.cvijanovic@polj.uns.ac.rs<\/td>\n<td width=\"233\">U dogovoru sa nastavnikom<\/td>\n<\/tr>\n<tr>\n<td colspan=\"3\" width=\"784\"><strong>ASISTENTI<\/strong><\/td>\n<\/tr>\n<tr>\n<td width=\"234\">mast. aekon. Milana Popov<\/td>\n<td width=\"313\">milana.popov@polj.uns.ac.rs<\/td>\n<td width=\"233\">U dogovoru sa nastavnikom<\/td>\n<\/tr>\n<tr>\n<td width=\"234\">mast. ekon. Vanja Ratkov<\/td>\n<td width=\"313\">vanja.ratkov@polj.uns.ac.rs<\/td>\n<td width=\"233\">U dogovoru sa nastavnikom<\/td>\n<\/tr>\n<tr>\n<td width=\"234\">mast. aekon. Veljko \u0160arac<\/td>\n<td width=\"313\">veljko.sarac@polj.uns.ac.rs<\/td>\n<td width=\"233\">U dogovoru sa nastavnikom<\/td>\n<\/tr>\n<tr>\n<td colspan=\"3\" width=\"784\"><strong>ISTRA\u017dIVA\u010cI<\/strong><\/td>\n<\/tr>\n<tr>\n<td width=\"234\">mast. aekon. Bogdan Joci\u0107<\/td>\n<td width=\"313\">bogdan.jocic@polj.uns.ac.rs<\/td>\n<td width=\"233\">U dogovoru sa nastavnikom<\/td>\n<\/tr>\n<\/tbody>\n<\/table>\n","protected":false},"excerpt":{"rendered":"<p>Ime i prezime e-mail adresa Termin konsultacija REDOVNI PROFESORI dr Janko Veselinovi\u0107 janko.veselinovic@polj.uns.ac.rs U dogovoru sa nastavnikom dr Nata\u0161a Vukeli\u0107 natasa.vukelic@polj.uns.ac.rs U dogovoru sa nastavnikom dr Veljko Vukoje veljko.vukoje@polj.uns.ac.rs U dogovoru sa nastavnikom dr Katarina \u0110uri\u0107 katarina.djuric@polj.uns.ac.rs U dogovoru sa nastavnikom dr Vladislav Zeki\u0107 vladislav.zekic@polj.uns.ac.rs U dogovoru sa nastavnikom dr Tihomir Zoranovi\u0107 tihomir.zoranovic@polj.uns.ac.rs U dogovoru sa nastavnikom dr Dejan Jankovi\u0107 dejan.jankovic@polj.uns.ac.rs U dogovoru sa nastavnikom dr Mirjana Luka\u010d-Bulatovi\u0107 mirjana.lukac@polj.uns.ac.rs U dogovoru sa nastavnikom dr Todor Markovi\u0107 todor.markovic@polj.uns.ac.rs U dogovoru sa&hellip;<\/p>\n","protected":false},"author":1,"featured_media":0,"parent":0,"menu_order":0,"comment_status":"closed","ping_status":"closed","template":"","meta":{"footnotes":""},"class_list":["post-170","page","type-page","status-publish","hentry"],"_links":{"self":[{"href":"http:\/\/ae.polj.uns.ac.rs\/index.php\/wp-json\/wp\/v2\/pages\/170","targetHints":{"allow":["GET"]}}],"collection":[{"href":"http:\/\/ae.polj.uns.ac.rs\/index.php\/wp-json\/wp\/v2\/pages"}],"about":[{"href":"http:\/\/ae.polj.uns.ac.rs\/index.php\/wp-json\/wp\/v2\/types\/page"}],"author":[{"embeddable":true,"href":"http:\/\/ae.polj.uns.ac.rs\/index.php\/wp-json\/wp\/v2\/users\/1"}],"replies":[{"embeddable":true,"href":"http:\/\/ae.polj.uns.ac.rs\/index.php\/wp-json\/wp\/v2\/comments?post=170"}],"version-history":[{"count":110,"href":"http:\/\/ae.polj.uns.ac.rs\/index.php\/wp-json\/wp\/v2\/pages\/170\/revisions"}],"predecessor-version":[{"id":12709,"href":"http:\/\/ae.polj.uns.ac.rs\/index.php\/wp-json\/wp\/v2\/pages\/170\/revisions\/12709"}],"wp:attachment":[{"href":"http:\/\/ae.polj.uns.ac.rs\/index.php\/wp-json\/wp\/v2\/media?parent=170"}],"curies":[{"name":"wp","href":"https:\/\/api.w.org\/{rel}","templated":true}]}}